ue
Is 451 prime?
False
Is 80599 a composite number?
False
Is 2819 a composite number?
False
Is 372319 a prime number?
False
Is 2111 prime?
True
Is 10753 a composite number?
False
Is 110513 a composite number?
True
Is 14969 a composite number?
False
Is 3209 prime?
True
Is 65399 a composite number?
True
Is 4331 a prime number?
False
Is 10473 composite?
True
Is 5141 a composite number?
True
Is 4127 a prime number?
True
Is 13511 a prime number?
False
Is 613642 a composite number?
True
Is 164023 prime?
True
Is 146021 composite?
False
Is 35069 composite?
False
Is 118931 a composite number?
False
Is 37463 a composite number?
False
Is 689 composite?
True
Is 128147 a prime number?
True
Is 17093 a composite number?
False
Is 1598099 prime?
True
Is 156007 a prime number?
True
Is 161165 a prime number?
False
Is 230417 composite?
True
Is 845107 a prime number?
False
Is 1649 a composite number?
True
Is 5771 composite?
True
Is 22411 prime?
False
Is 14051 a prime number?
True
Is 22522 prime?
False
Is 138994 prime?
False
Is 79057 composite?
True
Is 581 prime?
False
Is 14699 a composite number?
False
Is 11777 composite?
False
Is 9601 prime?
True
Is 7303 a prime number?
False
Is 11243 a composite number?
False
Is 270451 a composite number?
False
Is 25094 composite?
True
Is 5402429 a composite number?
False
Is 1361 a prime number?
True
Is 644641 composite?
True
Is 4127 prime?
True
Is 20977 a prime number?
False
Is 259999 composite?
True
Is 99551 prime?
True
Is 398833 composite?
False
Is 11149 composite?
False
Is 206993 a prime number?
True
Is 9383 a composite number?
True
Is 212399 prime?
False
Is 295909 a prime number?
True
Is 2638 composite?
True
Is 7115 a prime number?
False
Is 227419 prime?
True
Is 12171 a prime number?
False
Is 187303 composite?
False
Is 5737 a prime number?
True
Is 137913 a composite number?
True
Is 12889 a prime number?
True
Is 24571 a composite number?
False
Is 1207211 a composite number?
False
Is 163441 a composite number?
True
Is 13963 composite?
False
Is 227329 prime?
False
Is 150847 composite?
False
Is 868199 prime?
True
Is 12569 a prime number?
True
Is 109799 a prime number?
False
Is 47887 a composite number?
True
Is 21145 a composite number?
True
Is 13093 composite?
False
Is 26141 a composite number?
False
Is 944803 a prime number?
True
Is 113453 prime?
True
Is 6263 composite?
False
Is 1107619 prime?
True
Is 6547 a prime number?
True
Is 229883 composite?
True
Is 17233 a composite number?
True
Is 13751 a composite number?
False
Is 14765 prime?
False
Is 8887 a composite number?
False
Is 1118335 composite?
True
Is 290471 prime?
True
Is 28162 a composite number?
True
Is 48473 a composite number?
False
Is 1169081 a prime number?
True
Is 347227 a composite number?
False
Is 2323 a composite number?
True
Is 521113 prime?
False
Is 157393 prime?
True
Is 2721 composite?
True
Is 18527 a composite number?
True
Is 1535 prime?
False
Is 87833 a composite number?
False
Is 121919 composite?
True
Is 116503 a composite number?
True
Is 2999 composite?
False
Is 340363 a prime number?
False
Is 1081 prime?
False
Is 114859 a prime number?
True
Is 195511 prime?
True
Is 9661 composite?
False
Is 242863 a composite number?
False
Is 1751299 composite?
True
Is 75103 a prime number?
False
Is 46019 prime?
False
Is 32117 composite?
False
Is 11959 prime?
True
Is 57433 composite?
True
Is 521 prime?
True
Is 187337 a prime number?
True
Is 9314 prime?
False
Is 138679 prime?
True
Is 100693 prime?
True
Is 1571 prime?
True
Is 235301 a composite number?
True
Is 1836271 prime?
True
Is 93371 prime?
True
Is 1598495 a composite number?
True
Is 694802 prime?
False
Is 21127 composite?
True
Is 512959 a composite number?
False
Is 161513 a prime number?
False
Is 7321 composite?
False
Is 108509 a prime number?
False
Is 5297 a composite number?
False
Is 4547 a prime number?
True
Is 61001 composite?
False
Is 37577 a composite number?
True
Is 40423 a composite number?
False
Is 14519 composite?
False
Is 3373001 a composite number?
False
Is 107999 a composite number?
False
Is 26489 a composite number?
False
Is 1858777 composite?
True
Is 263527 composite?
True
Is 90661 prime?
False
Is 24657 a prime number?
False
Is 112877 composite?
False
Is 413873 a prime number?
False
Is 11987 composite?
False
Is 4397 composite?
False
Is 55231 a prime number?
False
Is 157969 prime?
False
Is 3755 a composite number?
True
Is 10247 composite?
False
Is 373159 a composite number?
True
Is 2609 a composite number?
False
Is 3883453 a prime number?
False
Is 47251 prime?
True
Is 29242 a prime number?
False
Is 99551 a composite number?
False
Is 907 prime?
True
Is 11197 composite?
False
Is 6043 a prime number?
True
Is 2281 composite?
False
Is 248579 a prime number?
True
Is 4197 composite?
True
Is 79405 a prime number?
False
Is 27479 composite?
False
Is 2250871 a prime number?
False
Is 751637 a prime number?
True
Is 5623 prime?
True
Is 116897 prime?
False
Is 240997 a prime number?
True
Is 581729 a composite number?
False
Is 408127 prime?
True
Is 7331 composite?
False
Is 938309 a prime number?
True
Is 3637 prime?
True
Is 6779 a composite number?
False
Is 91183 a composite number?
False
Is 1190873 composite?
False
Is 4399 composite?
True
Is 564583 a prime number?
False
Is 22543 composite?
False
Is 499879 a composite number?
False
Is 6079 a composite number?
False
Is 2411 a composite number?
False
Is 7411 composite?
False
Is 449 a composite number?
False
Is 409759 a composite number?
True
Is 295099 a composite number?
True
Is 882319 prime?
False
Is 6637 composite?
False
Is 253603 a prime number?
False
Is 154267 a prime number?
True
Is 7363 a prime number?
False
Is 88771 composite?
False
Is 8419 prime?
True
Is 338659 a prime number?
True
Is 1471 composite?
False
Is 77387 prime?
False
Is 22441 a prime number?
True
Is 785 a composite number?
True
Is 81799 a prime number?
True
Is 136669 a prime number?
False
Is 5779 a prime number?
True
Is 6359 composite?
False
Is 5227 a prime number?
True
Is 162217 prime?
False
Is 131171 composite?
False
Is 147377 composite?
False
Is 268883 a prime number?
True
Is 719431 a prime number?
False
Is 41443 a composite number?
False
Is 149711 prime?
True
Is 17291 a composite number?
False
Is 1819 a prime number?
False
Is 1040713 prime?
False
Is 229357 composite?
True
Is 1109387 a composite number?
False
Is 16253 composite?
False
Is 727453 prime?
False
Is 2642165 prime?
False
Is 655883 a composite number?
False
Is 877 a composite number?
False
Is 497411 prime?
True
Is 34897 composite?
False
Is 5227361 prime?
True
Is 664743 prime?
False
Is 134153 composite?
False
Is 209533 prime?
True
Is 641129 a prime number?
True
Is 58414 a composite number?
True
Is 14567 composite?
True
Is 687 a composite number?
True
Is 181205 composite?
True
Is 11422 prime?
False
Is 227329 a prime number?
False
Is 7233 composite?
True
Is 4621 a prime number?
True
Is 3386 a prime number?
False
Is 172849 a composite number?
False
Is 479 composite?
False
Is 26227 composite?
False
Is 1139239 a prime number?
True
Is 454567 prime?
False
Is 28459 composite?
True
Is 458943 composite?
True
Is 7717 prime?
True
Is 1169 composite?
True
Is 17621 a composite number?
True
Is 3609311 composite?
True
Is 111355 composite?
True
Is 5359 a prime number?
False
Is 11731 a prime number?
True
Is 172969 prime?
True
Is 655031 a composite number?
True
Is 21913 composite?
True
Is 100603 a prime number?
False
Is 1281347 a prime number?
False
Is 58633 prime?
False
Is 655559 a composite number?
False
Is 12651 prime?
False
Is 499 a composite number?
False
Is 773615 composite?
True
Is 11183 composite?
True
Is 118819 a prime number?
True
Is 187111 a prime number?
True
Is 6287 a composite number?
False
Is 154239 a composite number?
True
Is 20917 a prime number?
False
Is 28697 prime?
True
Is 16561 a composite number?
False
Is 428717 composite?
True
Is 1306 composite?
True
Is 78521 a composite number?
True
Is 5639 a composite number?
False
Is 1806407 a composite number?
False
Is 10133 prime?
True
Is 3385 composite?
True
Is 3761 composite?
False
Is 414653 composite?
False
Is 4729 a prime number?
True
Is 179815 a composite number?
True
Is 235273 a prime number?
True
Is 1782743 a composite number?
False
Is 201 a prime number?
False
Is 141 prime?
False
Is 10037 a 